actors of 33115703?
37, 97, 9227
What are the prime factors of 856782?
2, 3, 47599
List the prime factors of 79927.
257, 311
What are the prime factors of 2027463?
3, 137, 4933
What are the prime factors of 4025791?
7, 11, 97
List the prime factors of 10105148.
2, 157, 16091
What are the prime factors of 6099226?
2, 7, 17, 523
List the prime factors of 642315.
3, 5, 42821
List the prime factors of 199098.
2, 3, 1229
List the prime factors of 5709041.
13, 439157
What are the prime factors of 133599?
3, 44533
What are the prime factors of 12019099?
12019099
List the prime factors of 8492881.
8492881
List the prime factors of 4356204.
2, 3, 363017
What are the prime factors of 8467?
8467
List the prime factors of 995552.
2, 53, 587
List the prime factors of 2699217.
3, 99971
List the prime factors of 532527.
3, 29, 6121
List the prime factors of 13412533.
149, 90017
List the prime factors of 59681.
37, 1613
What are the prime factors of 14463960?
2, 3, 5, 7, 67, 257
List the prime factors of 268618.
2, 7, 2741
What are the prime factors of 31892792?
2, 19, 209821
List the prime factors of 4930909.
503, 9803
What are the prime factors of 2630979?
3, 13, 113, 199
List the prime factors of 465455.
5, 127, 733
What are the prime factors of 72499?
7, 10357
What are the prime factors of 540391?
540391
List the prime factors of 241102.
2, 120551
What are the prime factors of 890575?
5, 7, 727
What are the prime factors of 2411815?
5, 7, 68909
List the prime factors of 17642413.
17, 109, 9521
What are the prime factors of 2009759?
2009759
List the prime factors of 329653.
71, 4643
List the prime factors of 366933.
3, 7, 101, 173
What are the prime factors of 31395648?
2, 3, 101, 1619
List the prime factors of 158943.
3, 52981
List the prime factors of 2446860.
2, 3, 5, 13, 3137
List the prime factors of 525646.
2, 11, 23893
What are the prime factors of 449647?
11, 41, 997
What are the prime factors of 1637307?
3, 7, 8663
List the prime factors of 11832919.
7, 331, 5107
List the prime factors of 774067.
7, 110581
List the prime factors of 503408.
2, 73, 431
List the prime factors of 447572.
2, 111893
List the prime factors of 9069647.
9069647
List the prime factors of 17470723.
17470723
What are the prime factors of 3420961?
17, 201233
List the prime factors of 25030753.
11, 97, 23459
List the prime factors of 3154514.
2, 11, 143387
What are the prime factors of 17381228?
2, 4345307
What are the prime factors of 1101129?
3, 241, 1523
What are the prime factors of 2909217?
3, 409, 2371
List the prime factors of 10945280.
2, 5, 17, 503
List the prime factors of 371111.
13, 28547
What are the prime factors of 2927896?
2, 139, 2633
What are the prime factors of 208755?
3, 5, 4639
What are the prime factors of 3108304?
2, 194269
List the prime factors of 90893.
11, 8263
What are the prime factors of 20144804?
2, 5036201
List the prime factors of 5714525.
5, 228581
What are the prime factors of 2034284?
2, 7, 97, 107
What are the prime factors of 1185623?
1185623
What are the prime factors of 96231?
3, 32077
What are the prime factors of 565995?
3, 5, 97, 389
What are the prime factors of 273778?
2, 136889
List the prime factors of 152077.
152077
What are the prime factors of 175898?
2, 37, 2377
List the prime factors of 6169504.
2, 11, 17, 1031
List the prime factors of 2174379.
3, 19, 37, 1031
List the prime factors of 4544301.
3, 751, 2017
List the prime factors of 1204841.
11, 17, 379
What are the prime factors of 1838481?
3, 41, 14947
List the prime factors of 149473.
19, 7867
List the prime factors of 1962457.
7, 280351
List the prime factors of 565256.
2, 70657
What are the prime factors of 12725547?
3, 103, 41183
List the prime factors of 230927.
29, 7963
What are the prime factors of 375629?
149, 2521
List the prime factors of 1447139.
1447139
What are the prime factors of 9050643?
3, 7, 6841
What are the prime factors of 1149029?
7, 164147
What are the prime factors of 75283?
13, 5791
List the prime factors of 2730840.
2, 3, 5, 7, 3251
What are the prime factors of 916613?
916613
What are the prime factors of 34484?
2, 37, 233
List the prime factors of 2617858.
2, 19, 68891
List the prime factors of 2011901.
227, 8863
What are the prime factors of 376339?
41, 67, 137
List the prime factors of 1712637.
3, 137, 463
List the prime factors of 49954.
2, 24977
List the prime factors of 232773.
3, 77591
List the prime factors of 487281.
3, 59, 2753
List the prime factors of 201506.
2, 53, 1901
What are the prime factors of 643542?
2, 3, 283, 379
List the prime factors of 224931.
3, 7, 10711
List the prime factors of 298608.
2, 3, 6221
List the prime factors of 681712.
2, 137, 311
List the prime factors of 710735.
5, 41, 3467
What are the prime factors of 16948?
2, 19, 223
List the prime factors of 3639809.
61, 59669
What are the prime factors of 188556?
2, 3, 19, 827
List the prime factors of 1749594.
2, 3, 7, 11, 541
List the prime factors of 708780.
2, 3, 5, 11813
List the prime factors of 2768147.
257, 10771
List the prime factors of 2308704.
2, 3, 24049
What are the prime factors of 744889?
17, 43, 1019
What are the prime factors of 148488?
2, 3, 23, 269
List the prime factors of 7110689.
7110689
List the prime factors of 12357178.
2, 773, 7993
What are the prime factors of 795057?
3, 31, 83, 103
List the prime factors of 26772631.
41, 652991
List the prime factors of 1440314.
2, 19, 29, 1307
What are the prime factors of 19399086?
2, 3, 7, 29, 5309
List the prime factors of 2472806.
2, 7, 176629
What are the prime factors of 2045480?
2, 5, 51137
What are the prime factors of 1451639?
7, 207377
List the prime factors of 6805212.
2, 3, 567101
What are the prime factors of 24661112?
2, 7, 53, 1187
List the prime factors of 2827032.
2, 3, 13, 17, 41
List the prime factors of 1759229.
19, 53, 1747
What are the prime factors of 19907493?
3, 17, 390343
What are the prime factors of 15903677?
89, 178693
What are the prime factors of 165047?
165047
What are the prime factors of 1342757?
13, 103289
List the prime factors of 161651.
7, 3299
What are the prime factors of 639831?
3, 271, 787
List the prime factors of 2399651.
277, 8663
What are the prime factors of 7695884?
2, 7, 274853
What are the prime factors of 870769?
47, 97, 191
List the prime factors of 335136.
2, 3, 3491
List the prime factors of 1874042.
2, 61, 15361
What are the prime factors of 1095221?
1095221
List the prime factors of 8651969.
37, 233837
What are the prime factors of 1645780?
2, 5, 19, 61, 71
What are the prime factors of 39608?
2, 4951
What are the prime factors of 439302?
2, 3, 211, 347
What are the prime factors of 2346837?
3, 389, 2011
What are the prime factors of 28629?
3, 3181
What are the prime factors of 8633481?
3, 283, 10169
List the prime factors of 1127101.
1127101
List the prime factors of 974800.
2, 5, 2437
List the prime factors of 468950.
2, 5, 83, 113
List the prime factors of 281815.
5, 157, 359
What are the prime factors of 253?
11, 23
List the prime factors of 1121876.
2, 7, 103, 389
What are the prime factors of 583115?
5, 13, 8971
What are the prime factors of 6518199?
3, 2172733
What are the prime factors of 2593566?
2, 3, 48029
List the prime factors of 31134351.
3, 47, 220811
List the prime factors of 21817235.
5, 11, 37, 71, 151
List the prime factors of 245713.
13, 41, 461
List the prime factors of 277731.
3, 30859
What are the prime factors of 84278?
2, 42139
List the prime factors of 2155693.
109, 19777
What are the prime factors of 1631917?
7, 29, 8039
List the prime factors of 26929633.
26929633
What are the prime factors of 277766?
2, 138883
List the prime factors of 5045406.
2, 3, 193, 4357
What are the prime factors of 865479?
3, 288493
List the prime factors of 3319135.
5, 663827
List the prime factors of 3385996.
2, 846499
List the prime factors of 4831998.
2, 3, 805333
List the prime factors of 11555633.
11555633
List the prime factors of 6256379.
137, 45667
What are the prime factors of 1463927?
23, 63649
What are the prime factors of 5974077?
3, 1991359
What are the prime factors of 500270?
2, 5, 19, 2633
What are the prime factors of 3566300?
2, 5, 19, 1877
What are the prime factors of 33786265?
5, 479, 14107
List the prime factors of 754